610
In base 2, what is -101011100000111 + 100010110110?
-100111001010001
In base 9, what is -26 - -248661?
248634
In base 4, what is -102030 + -11101130?
-11203220
In base 13, what is 6 + 372ca8c?
372ca95
In base 11, what is -3a6 - 51268?
-51663
In base 16, what is eb7f7 + -6a?
eb78d
In base 14, what is 8a554 + 15?
8a569
In base 15, what is -3 - -536bb9b?
536bb98
In base 12, what is -1843a5a01 + -4?
-1843a5a05
In base 7, what is -3 - 101061634?
-101061640
In base 12, what is -46 - -6196a?
61924
In base 12, what is -5 - -3a41577?
3a41572
In base 3, what is -2120111201110 - 10?
-2120111201120
In base 10, what is 216 - -88710?
88926
In base 6, what is 2052 - -1443203?
1445255
In base 4, what is 3202102 - 1202?
3200300
In base 10, what is 1173 - -26795?
27968
In base 3, what is 121221200012222 - 12?
121221200012210
In base 3, what is -110 + 122012101020210?
122012101020100
In base 14, what is -c - -23dd62d?
23dd621
In base 16, what is 18ab + -a4?
1807
In base 6, what is -11 + 100034504?
100034453
In base 12, what is 32948 - 85?
32883
In base 5, what is -3230432001 - 202?
-3230432203
In base 16, what is -137a47 + 33?
-137a14
In base 8, what is 1524 - 530666?
-527142
In base 13, what is -80220 + -2?
-80222
In base 9, what is 2 - 722578?
-722576
In base 3, what is -1110022121111 + -21?
-1110022121202
In base 5, what is 1 - -204014231032?
204014231033
In base 8, what is -67 - 165625?
-165714
In base 10, what is 2965637 - -10?
2965647
In base 12, what is 3863239 + 0?
3863239
In base 15, what is -a + 224ced?
224ce3
In base 4, what is 2 - 1131013321123?
-1131013321121
In base 7, what is 116 - -15651?
16100
In base 13, what is -26c - -24bcb6?
24ba47
In base 15, what is 7d040b + 3?
7d040e
In base 12, what is -85851 - -14?
-85839
In base 5, what is -20132321423 - 14?
-20132321442
In base 14, what is -30 + 30861?
30831
In base 8, what is -36 - 152566?
-152624
In base 3, what is -121021 + 1202220002112?
1202212111021
In base 10, what is 90 - 157073?
-156983
In base 10, what is -4 - -10197569?
10197565
In base 7, what is 141 - -11114151?
11114322
In base 6, what is 525123515 + 35?
525123554
In base 2, what is -11111010110 - 1100100010100?
-10000011101010
In base 8, what is -627 + -7542?
-10371
In base 10, what is 17652860 + 6?
17652866
In base 14, what is 9784 + -21b3?
75b1
In base 12, what is -87413 + 34?
-8739b
In base 8, what is -141742 - 1455?
-143417
In base 15, what is -c3 + -5e6?
-6b9
In base 16, what is 8a8 - -fe0e?
106b6
In base 13, what is 56971b1a - -3?
56971b20
In base 2, what is 100011111101011000011 - 1100110?
100011111101001011101
In base 5, what is -100 + -2024103120?
-2024103220
In base 7, what is 11 - -2150325?
2150336
In base 14, what is 413 + -235?
1bc
In base 2, what is -101011101011100011011 + -110000?
-101011101011101001011
In base 8, what is -1074213 + -20?
-1074233
In base 7, what is -23350 + 111024?
54344
In base 12, what is -13a7 + 7613?
6228
In base 6, what is 42 - -1010220435?
1010220521
In base 14, what is 62d - 75d5?
-6da6
In base 5, what is -103144331013 - 0?
-103144331013
In base 15, what is -2 + -184250a?
-184250c
In base 5, what is -11 + 120233202202?
120233202141
In base 4, what is -23 + 12031231001?
12031230312
In base 4, what is -2222220 - -31?
-2222123
In base 5, what is -24002 + -113143423?
-113222430
In base 6, what is -142033 + -102254?
-244331
In base 12, what is -566 - 37927?
-38291
In base 12, what is -26430 + 1279?
-25173
In base 12, what is -1ab247b3 - -3?
-1ab247b0
In base 3, what is -101200102212 - -210200?
-101122122012
In base 14, what is 9b708 - -23b?
9b945
In base 9, what is -2133 + 12332?
10188
In base 4, what is -10313211 + -1113?
-10320330
In base 8, what is 66437060 + 3?
66437063
In base 14, what is 18196399 + 3?
1819639c
In base 7, what is 15113652 + -2?
15113650
In base 9, what is 1126076 + -117?
1125858
In base 5, what is 11323 + -22040?
-10212
In base 5, what is 3043422040 + 34?
3043422124
In base 13, what is 98 - 196c6?
-1962b
In base 6, what is 13 - 403245014?
-403245001
In base 8, what is -47634230 - 17?
-47634247
In base 9, what is 54 - -75035?
75100
In base 2, what is 110 - 1001101011111010111?
-1001101011111010001
In base 4, what is 2013222 + -2101?
2011121
In base 10, what is -3051 + 1732?
-1319
In base 15, what is -4 - -960d8?
960d4
In base 2, what is -11 + -110000101100101001101010100?
-110000101100101001101010111
In base 16, what is -6e86 + 5e?
-6e28
In base 13, what is 98bc3285 - 5?
98bc3280
In base 12, what is -9 + -18a709?
-18a716
In base 3, what is -1102 + -111210001201202?
-111210001210011
In base 7, what is 26 - 360324?
-360265
In base 6, what is -21 + -2021011?
-2021032
In base 16, what is 16cd4de - -4?
16cd4e2
In base 13, what is 5 + 288b504?
288b509
In base 3, what is -22122111 + -1100?
-22200211
In base 10, what is 1662 - 408942?
-407280
In base 5, what is 1302010 + 143201?
2000211
In base 10, what is -207 - -2003?
1796
In base 14, what is 23da29 + -3?
23da26
In base 13, what is 977b - -3b00?
1057b
In base 15, what is 1 + -167b1?
-167b0
In base 11, what is -9a78061 - -1?
-9a78060
In base 14, what is -672a + -14d4?
-7c20
In base 3, what is -12110212211000 + 12?
-12110212210211
In base 2, what is -100010010100001011 - 1000000001?
-100010011100001100
In base 7, what is -3412356 + 4142?
-3405214
In base 7, what is 1321640366 + 3?
1321640402
In base 4, what is 21 + 10313002220002?
10313002220023
In base 8, what is -725317476 + -11?
-725317507
In base 15, what is e2737 - 4?
e2733
In base 3, what is 10 - -221221102211010212?
221221102211010222
In base 2, what is 100101011 + -1110001101?
-1001100010
In base 6, what is -50030324231 + 1?
-50030324230
In base 11, what is 208 - -53771?
53979
In base 6, what is -520 - 245323?
-250243
In base 15, what is -2 - -4e4a6?
4e4a4
In base 14, what is 7c28506 - -b?
7c28513
In base 9, what is -611125 - -11?
-611114
In base 8, what is -5 - -52135601?
52135574
In base 8, what is -127113 - -150?
-126743
In base 5, what is 11224124321 + 102?
11224124423
In base 13, what is 1c7 + -4336?
-413c
In base 10, what is -5 + -9414117?
-9414122
In base 5, what is 20414310 + 1013?
20420323
In base 15, what is -1 - -20d4be8?
20d4be7
In base 8, what is 5 + -3030570?
-3030563
In base 11, what is 52819a2 + 62?
5281a54
In base 6, what is 211041155 + -45?
211041110
In base 6, what is -41531 + 143224?
101253
In base 2, what is 0 - 101100011101010010011?
-101100011101010010011
In base 16, what is -400 + 10cc?
ccc
In base 12, what is -12 - 177a28?
-177a3a
In base 12, what is 1609928 + -5b?
1609889
In base 9, what is 182817467 - 4?
182817463
In base 6, what is 114441501 + 31?
114441532
In base 5, what is 3 - -11321404131?
11321404134
In base 11, what is 18045 - 239?
17907
In base 4, what is 12 + 32223112211201?
32223112211213
In base 10, what is 23820603 - -6?
23820609
In base 4, what is 10 - -3213301201?
3213301211
In base 6, what is -122513140054 - 0?
-122513140054
In base 8, what is 102 - -21416?
21520
In base 7, what is -3 - -14633662?
14633656
In base 2, what is 1100000000 + 11111110100001101?
100000000000001101
In base 9, what is -2678421 + 2?
-2678418
In base 5, what is -2041442 - -14023?
-2022414
In base 15, what is -3d8a3c8 + 0?
-3d8a3c8
In base 13, what is -22 - -1871b5?
187193
In base 11, what is -59 - a26037?
-a26095
In base 14, what is 306a47a - 1?
306a479
In base 16, what is 3 - -e5e16c?
e5e16f
In base 5, what is 2 + 101032120412?
101032120414
In base 10, what is -55 - 110396?
-110451
In base 2, what is 100111110000000 - -1101010?
100111111101010
In base 8, what is -32 + -3520677?
-3520731
In base 2, what is -101011000100001011110011101 - 100?
-101011000100001011110100001
In base 11, what is -5952565 - 4?
-5952569
In base 5, what is -411103 - -443?
-410110
In base 12, what is 4 - 658150a?
-6581506
In base 8, what is 1076 + 24152?
25250
In base 7, what is 452556 - -20?
452606
In base 15, what is 1e9d162 - 3?
1e9d15e
In base 12, what is 39b9 - 1b0?
3809
In base 8, what is -35346567 + 4?
-35346563
In base 16, what is -19030f6 + 3?
-19030f3
In base 16, what is afc51 - -b?
afc5c
In base 14, what is -6440 - -a7c?
-57a2
In base 4, what is -10311030122231 + -2?
-10311030122233
In base 8, what is 21 - 30241356?
-30241335
In base 9, what is -20834686 - 11?
-20834707
In 